vided by 21.
19
What is the remainder when 22 is divided by 8?
6
Calculate the remainder when 805 is divided by 525.
280
What is the remainder when 1049 is divided by 177?
164
Calculate the remainder when 7 is divided by 3.
1
What is the remainder when 85 is divided by 48?
37
Calculate the remainder when 2146 is divided by 39.
1
What is the remainder when 71 is divided by 67?
4
Calculate the remainder when 558 is divided by 94.
88
Calculate the remainder when 4379 is divided by 73.
72
Calculate the remainder when 6816 is divided by 3390.
36
Calculate the remainder when 907 is divided by 223.
15
What is the remainder when 415 is divided by 84?
79
Calculate the remainder when 268 is divided by 34.
30
What is the remainder when 47 is divided by 10?
7
What is the remainder when 8176 is divided by 37?
36
What is the remainder when 1207 is divided by 31?
29
What is the remainder when 988 is divided by 33?
31
Calculate the remainder when 363 is divided by 194.
169
Calculate the remainder when 518 is divided by 160.
38
Calculate the remainder when 1405 is divided by 8.
5
What is the remainder when 77 is divided by 32?
13
Calculate the remainder when 2455 is divided by 14.
5
Calculate the remainder when 422 is divided by 201.
20
Calculate the remainder when 2139 is divided by 14.
11
What is the remainder when 73 is divided by 15?
13
Calculate the remainder when 246 is divided by 57.
18
Calculate the remainder when 554 is divided by 84.
50
What is the remainder when 1227 is divided by 177?
165
What is the remainder when 176 is divided by 18?
14
What is the remainder when 940 is divided by 23?
20
What is the remainder when 358 is divided by 60?
58
What is the remainder when 237 is divided by 18?
3
Calculate the remainder when 1145 is divided by 31.
29
What is the remainder when 1881 is divided by 361?
76
Calculate the remainder when 405 is divided by 133.
6
Calculate the remainder when 2090 is divided by 17.
16
What is the remainder when 121 is divided by 3?
1
Calculate the remainder when 208 is divided by 21.
19
What is the remainder when 20 is divided by 12?
8
Calculate the remainder when 2130 is divided by 710.
0
Calculate the remainder when 179 is divided by 18.
17
What is the remainder when 176 is divided by 106?
70
Calculate the remainder when 81 is divided by 13.
3
What is the remainder when 244 is divided by 94?
56
What is the remainder when 141 is divided by 8?
5
What is the remainder when 203 is divided by 34?
33
What is the remainder when 480 is divided by 29?
16
Calculate the remainder when 1284 is divided by 92.
88
What is the remainder when 168 is divided by 9?
6
Calculate the remainder when 8344 is divided by 87.
79
Calculate the remainder when 1019 is divided by 93.
89
What is the remainder when 956 is divided by 134?
18
Calculate the remainder when 118 is divided by 32.
22
Calculate the remainder when 1499 is divided by 94.
89
Calculate the remainder when 259 is divided by 120.
19
What is the remainder when 15279 is divided by 259?
257
What is the remainder when 3415 is divided by 28?
27
Calculate the remainder when 235 is divided by 58.
3
Calculate the remainder when 241 is divided by 42.
31
Calculate the remainder when 2398 is divided by 120.
118
What is the remainder when 650 is divided by 7?
6
Calculate the remainder when 380 is divided by 118.
26
Calculate the remainder when 194 is divided by 3.
2
What is the remainder when 416 is divided by 130?
26
What is the remainder when 274 is divided by 25?
24
Calculate the remainder when 216 is divided by 178.
38
What is the remainder when 533 is divided by 136?
125
Calculate the remainder when 43 is divided by 3.
1
Calculate the remainder when 1822 is divided by 9.
4
Calculate the remainder when 1348 is divided by 61.
6
What is the remainder when 202 is divided by 27?
13
What is the remainder when 118 is divided by 50?
18
What is the remainder when 1050 is divided by 91?
49
What is the remainder when 119 is divided by 45?
29
What is the remainder when 4209 is divided by 52?
49
Calculate the remainder when 1019 is divided by 128.
123
What is the remainder when 79 is divided by 36?
7
Calculate the remainder when 57 is divided by 10.
7
Calculate the remainder when 498 is divided by 46.
38
What is the remainder when 1979 is divided by 165?
164
Calculate the remainder when 86 is divided by 45.
41
Calculate the remainder when 1366 is divided by 662.
42
What is the remainder when 352 is divided by 26?
14
Calculate the remainder when 1099 is divided by 22.
21
Calculate the remainder when 174 is divided by 11.
9
What is the remainder when 66817 is divided by 26?
23
Calculate the remainder when 4132 is divided by 15.
7
What is the remainder when 7523 is divided by 132?
131
Calculate the remainder when 21877 is divided by 153.
151
Calculate the remainder when 290 is divided by 101.
88
What is the remainder when 3552 is divided by 27?
15
Calculate the remainder when 2093 is divided by 130.
13
Calculate the remainder when 449 is divided by 422.
27
What is the remainder when 812 is divided by 11?
9
Calculate the remainder when 164 is divided by 12.
8
What is the remainder when 1821 is divided by 68?
53
What is the remainder when 531 is divided by 89?
86
What is the remainder when 1914 is divided by 149?
126
Calculate the remainder when 278 is divided by 20.
18
Calculate the remainder when 590 is divided by 23.
15
What is the remainder when 5710 is divided by 65?
55
What is the remainder when 35 is divided by 21?
14
What is the remainder when 1251 is divided by 38?
35
Calculate the remainder when 449 is divided by 97.
61
What is the remainder when 183 is divided by 55?
18
What is the remainder when 42 is divided by 8?
2
Calculate the remainder when 93 is divided by 89.
4
What is the remainder when 770 is divided by 31?
26
Calculate the remainder when 1610 is divided by 62.
60
What is the remainder when 719 is divided by 15?
14
Calculate the remainder when 73 is divided by 39.
34
What is the remainder when 24191 is divided by 14?
13
Calculate the remainder when 1047 is divided by 60.
27
What is the remainder when 343 is divided by 47?
14
Calculate the remainder when 201 is divided by 43.
29
Calculate the remainder when 953 is divided by 4.
1
What is the remainder when 301 is divided by 39?
28
Calculate the remainder when 1290 is divided by 164.
142
What is the remainder when 11 is divided by 8?
3
Calculate the remainder when 250 is divided by 11.
8
Calculate the remainder when 94 is divided by 36.
22
What is the remainder when 223 is divided by 4?
3
Calculate the remainder when 2389 is divided by 143.
101
What is the remainder when 297 is divided by 14?
3
Calculate the remainder when 1391 is divided by 93.
89
Calculate the remainder when 390 is divided by 22.
16
Calculate the remainder when 14307 is divided by 2861.
2
What is the remainder when 1080 is divided by 1066?
14
What is the remainder when 1361 is divided by 132?
41
Calculate the remainder when 162 is divided by 32.
2
What is the remainder when 291 is divided by 129?
33
What is the remainder when 375 is divided by 54?
51
Calculate the remainder when 142 is divided by 1.
0
Calculate the remainder when 1949 is divided by 61.
58
What is the remainder when 77530 is divided by 52?
50
Calculate the remainder when 39218 is divided by 53.
51
Calculate the remainder when 142 is divided by 132.
10
What is the remainder when 680 is divided by 57?
53
Calculate the remainder when 4834 is divided by 28.
18
What is the remainder when 159 is divided by 18?
15
What is the remainder when 485 is divided by 83?
70
Calculate the remainder when 185 is divided by 45.
5
Calculate the remainder when 43 is divided by 23.
20
Calculate the remainder when 54927 is divided by 59.
57
What is the remainder when 314 is divided by 38?
10
What is the remainder when 1482 is divided by 98?
12
What is the remainder when 178 is divided by 10?
8
What is the remainder when 1176 is divided by 19?
17
Calculate the remainder when 371 is divided by 18.
11
What is the remainder when 174 is divided by 19?
3
What is the remainder when 54 is divided by 19?
16
Calculate the remainder when 56 is divided by 9.
2
What is the remainder when 66 is divided by 37?
29
What is the remainder when 1109